{"id":121,"date":"2024-06-13T05:59:41","date_gmt":"2024-06-13T05:59:41","guid":{"rendered":"https:\/\/unidem.ceavirtual.org\/?page_id=121"},"modified":"2024-06-18T05:08:24","modified_gmt":"2024-06-18T05:08:24","slug":"inscripcion","status":"publish","type":"page","link":"https:\/\/unidem.ceavirtual.org\/index.php\/inscripcion\/","title":{"rendered":"Inscripci\u00f3n"},"content":{"rendered":"\t\t<div data-elementor-type=\"wp-page\" data-elementor-id=\"121\" class=\"elementor elementor-121\" data-elementor-post-type=\"page\">\n\t\t\t\t<div class=\"elementor-element elementor-element-7cd54d6 e-flex e-con-boxed e-con e-parent\" data-id=\"7cd54d6\" data-element_type=\"container\">\n\t\t\t\t\t<div class=\"e-con-inner\">\n\t\t\t\t<div class=\"elementor-element elementor-element-8a173b9 elementor-widget elementor-widget-spacer\" data-id=\"8a173b9\" data-element_type=\"widget\" data-widget_type=\"spacer.default\">\n\t\t\t\t<div class=\"elementor-widget-container\">\n\t\t\t<style>\/*! elementor - v3.21.0 - 26-05-2024 *\/\n.elementor-column .elementor-spacer-inner{height:var(--spacer-size)}.e-con{--container-widget-width:100%}.e-con-inner>.elementor-widget-spacer,.e-con>.elementor-widget-spacer{width:var(--container-widget-width,var(--spacer-size));--align-self:var(--container-widget-align-self,initial);--flex-shrink:0}.e-con-inner>.elementor-widget-spacer>.elementor-widget-container,.e-con>.elementor-widget-spacer>.elementor-widget-container{height:100%;width:100%}.e-con-inner>.elementor-widget-spacer>.elementor-widget-container>.elementor-spacer,.e-con>.elementor-widget-spacer>.elementor-widget-container>.elementor-spacer{height:100%}.e-con-inner>.elementor-widget-spacer>.elementor-widget-container>.elementor-spacer>.elementor-spacer-inner,.e-con>.elementor-widget-spacer>.elementor-widget-container>.elementor-spacer>.elementor-spacer-inner{height:var(--container-widget-height,var(--spacer-size))}.e-con-inner>.elementor-widget-spacer.elementor-widget-empty,.e-con>.elementor-widget-spacer.elementor-widget-empty{position:relative;min-height:22px;min-width:22px}.e-con-inner>.elementor-widget-spacer.elementor-widget-empty .elementor-widget-empty-icon,.e-con>.elementor-widget-spacer.elementor-widget-empty .elementor-widget-empty-icon{position:absolute;top:0;bottom:0;left:0;right:0;margin:auto;padding:0;width:22px;height:22px}<\/style>\t\t<div class=\"elementor-spacer\">\n\t\t\t<div class=\"elementor-spacer-inner\"><\/div>\n\t\t<\/div>\n\t\t\t\t<\/div>\n\t\t\t\t<\/div>\n\t\t\t\t<div class=\"elementor-element elementor-element-c8afdeb elementor-widget elementor-widget-heading\" data-id=\"c8afdeb\" data-element_type=\"widget\" data-widget_type=\"heading.default\">\n\t\t\t\t<div class=\"elementor-widget-container\">\n\t\t\t<style>\/*! elementor - v3.21.0 - 26-05-2024 *\/\n.elementor-heading-title{padding:0;margin:0;line-height:1}.elementor-widget-heading .elementor-heading-title[class*=elementor-size-]>a{color:inherit;font-size:inherit;line-height:inherit}.elementor-widget-heading .elementor-heading-title.elementor-size-small{font-size:15px}.elementor-widget-heading .elementor-heading-title.elementor-size-medium{font-size:19px}.elementor-widget-heading .elementor-heading-title.elementor-size-large{font-size:29px}.elementor-widget-heading .elementor-heading-title.elementor-size-xl{font-size:39px}.elementor-widget-heading .elementor-heading-title.elementor-size-xxl{font-size:59px}<\/style><h2 class=\"elementor-heading-title elementor-size-default\">Requisitos para inscripci\u00f3n<\/h2>\t\t<\/div>\n\t\t\t\t<\/div>\n\t\t\t\t<div class=\"elementor-element elementor-element-383e320 elementor-widget elementor-widget-spacer\" data-id=\"383e320\" data-element_type=\"widget\" data-widget_type=\"spacer.default\">\n\t\t\t\t<div class=\"elementor-widget-container\">\n\t\t\t\t\t<div class=\"elementor-spacer\">\n\t\t\t<div class=\"elementor-spacer-inner\"><\/div>\n\t\t<\/div>\n\t\t\t\t<\/div>\n\t\t\t\t<\/div>\n\t\t\t\t\t<\/div>\n\t\t\t\t<\/div>\n\t\t<div class=\"elementor-element elementor-element-22f7177 e-flex e-con-boxed e-con e-parent\" data-id=\"22f7177\" data-element_type=\"container\">\n\t\t\t\t\t<div class=\"e-con-inner\">\n\t\t\t\t<div class=\"elementor-element elementor-element-fc701c5 elementor-widget elementor-widget-heading\" data-id=\"fc701c5\" data-element_type=\"widget\" data-widget_type=\"heading.default\">\n\t\t\t\t<div class=\"elementor-widget-container\">\n\t\t\t<h3 class=\"elementor-heading-title elementor-size-default\">Licenciaturas<\/h3>\t\t<\/div>\n\t\t\t\t<\/div>\n\t\t\t\t\t<\/div>\n\t\t\t\t<\/div>\n\t\t<div class=\"elementor-element elementor-element-9e978f2 e-flex e-con-boxed e-con e-parent\" data-id=\"9e978f2\" data-element_type=\"container\">\n\t\t\t\t\t<div class=\"e-con-inner\">\n\t\t<div class=\"elementor-element elementor-element-9ec5aff e-con-full e-flex e-con e-child\" data-id=\"9ec5aff\" data-element_type=\"container\">\n\t\t\t\t<div class=\"elementor-element elementor-element-6e113b7 elementor-widget elementor-widget-image\" data-id=\"6e113b7\" data-element_type=\"widget\" data-widget_type=\"image.default\">\n\t\t\t\t<div class=\"elementor-widget-container\">\n\t\t\t<style>\/*! elementor - v3.21.0 - 26-05-2024 *\/\n.elementor-widget-image{text-align:center}.elementor-widget-image a{display:inline-block}.elementor-widget-image a img[src$=\".svg\"]{width:48px}.elementor-widget-image img{vertical-align:middle;display:inline-block}<\/style>\t\t\t\t\t\t\t\t\t\t<img fetchpriority=\"high\" decoding=\"async\" width=\"800\" height=\"450\" src=\"https:\/\/unidem.ceavirtual.org\/wp-content\/uploads\/2024\/06\/1ins-1024x576.png\" class=\"attachment-large size-large wp-image-147\" alt=\"\" srcset=\"https:\/\/unidem.ceavirtual.org\/wp-content\/uploads\/2024\/06\/1ins-1024x576.png 1024w, https:\/\/unidem.ceavirtual.org\/wp-content\/uploads\/2024\/06\/1ins-300x169.png 300w, https:\/\/unidem.ceavirtual.org\/wp-content\/uploads\/2024\/06\/1ins-768x432.png 768w, https:\/\/unidem.ceavirtual.org\/wp-content\/uploads\/2024\/06\/1ins-1536x864.png 1536w, https:\/\/unidem.ceavirtual.org\/wp-content\/uploads\/2024\/06\/1ins.png 1920w\" sizes=\"(max-width: 800px) 100vw, 800px\" \/>\t\t\t\t\t\t\t\t\t\t\t\t\t<\/div>\n\t\t\t\t<\/div>\n\t\t\t\t<\/div>\n\t\t<div class=\"elementor-element elementor-element-3e21f67 e-con-full e-flex e-con e-child\" data-id=\"3e21f67\" data-element_type=\"container\">\n\t\t\t\t<div class=\"elementor-element elementor-element-77790e9 elementor-widget elementor-widget-text-editor\" data-id=\"77790e9\" data-element_type=\"widget\" data-widget_type=\"text-editor.default\">\n\t\t\t\t<div class=\"elementor-widget-container\">\n\t\t\t<style>\/*! elementor - v3.21.0 - 26-05-2024 *\/\n.elementor-widget-text-editor.elementor-drop-cap-view-stacked .elementor-drop-cap{background-color:#69727d;color:#fff}.elementor-widget-text-editor.elementor-drop-cap-view-framed .elementor-drop-cap{color:#69727d;border:3px solid;background-color:transparent}.elementor-widget-text-editor:not(.elementor-drop-cap-view-default) .elementor-drop-cap{margin-top:8px}.elementor-widget-text-editor:not(.elementor-drop-cap-view-default) .elementor-drop-cap-letter{width:1em;height:1em}.elementor-widget-text-editor .elementor-drop-cap{float:left;text-align:center;line-height:1;font-size:50px}.elementor-widget-text-editor .elementor-drop-cap-letter{display:inline-block}<\/style>\t\t\t\t<ul><li><span style=\"vertical-align: inherit;\"><span style=\"vertical-align: inherit;\"><span style=\"vertical-align: inherit;\"><span style=\"vertical-align: inherit;\"><span style=\"vertical-align: inherit;\"><span style=\"vertical-align: inherit;\">Acta de nacimiento actualizada (original y una copia).<\/span><\/span><\/span><\/span><\/span><\/span><\/li><li><span style=\"vertical-align: inherit;\"><span style=\"vertical-align: inherit;\"><span style=\"vertical-align: inherit;\"><span style=\"vertical-align: inherit;\">CURP con fecha m\u00e1xima de una semana de descarga antes de la entrega de los documentos en PDF, descarga tu curp <a href=\"https:\/\/www.gob.mx\/curp\/\">aqu\u00ed<\/a> (una copia a color y una en blanco y negro).<\/span><\/span><\/span><\/span><\/li><li><span style=\"vertical-align: inherit;\"><span style=\"vertical-align: inherit;\"><span style=\"vertical-align: inherit;\"><span style=\"vertical-align: inherit;\">Certificado de preparatoria o bachillerato (original y una copia).<\/span><\/span><\/span><\/span><\/li><li><span style=\"vertical-align: inherit;\"><span style=\"vertical-align: inherit;\"><span style=\"vertical-align: inherit;\"><span style=\"vertical-align: inherit;\">INE (una copia a color y una en blanco y negro, en la misma cara de la hoja ambos lados de la credencial).<\/span><\/span><\/span><\/span><\/li><li><span style=\"vertical-align: inherit;\"><span style=\"vertical-align: inherit;\"><span style=\"vertical-align: inherit;\"><span style=\"vertical-align: inherit;\">Comprobante de domicilio (una copia no mayor a tres meses de antig\u00fcedad, puede ser recibo de luz o agua).<\/span><\/span><\/span><\/span><\/li><li><span style=\"vertical-align: inherit;\"><span style=\"vertical-align: inherit;\"><span style=\"vertical-align: inherit;\"><span style=\"vertical-align: inherit;\">Fotograf\u00eda digital tama\u00f1o t\u00edtulo, de frente, sin maquillaje con orejas y frente descubiertos.<\/span><\/span><\/span><\/span><\/li><\/ul>\t\t\t\t\t\t<\/div>\n\t\t\t\t<\/div>\n\t\t\t\t<\/div>\n\t\t\t\t\t<\/div>\n\t\t\t\t<\/div>\n\t\t<div class=\"elementor-element elementor-element-3e7291f e-flex e-con-boxed e-con e-parent\" data-id=\"3e7291f\" data-element_type=\"container\">\n\t\t\t\t\t<div class=\"e-con-inner\">\n\t\t\t\t<div class=\"elementor-element elementor-element-cf5dc76 elementor-widget elementor-widget-text-editor\" data-id=\"cf5dc76\" data-element_type=\"widget\" data-widget_type=\"text-editor.default\">\n\t\t\t\t<div class=\"elementor-widget-container\">\n\t\t\t\t\t\t\t<p><span style=\"vertical-align: inherit;\"><span style=\"vertical-align: inherit;\"><span style=\"vertical-align: inherit;\"><span style=\"vertical-align: inherit;\"><span style=\"vertical-align: inherit;\"><span style=\"vertical-align: inherit;\">En un primer paso, los documentos deben enviarse en formato PDF tama\u00f1o carta de alta resoluci\u00f3n (un pdf por documento) al correo controlescolarlic@gmail.com para su revisi\u00f3n.<\/span><\/span><\/span><\/span><\/span><\/span><\/p><p><span style=\"vertical-align: inherit;\"><span style=\"vertical-align: inherit;\"><span style=\"vertical-align: inherit;\"><span style=\"vertical-align: inherit;\"><span style=\"vertical-align: inherit;\"><span style=\"vertical-align: inherit;\">En un segundo paso, una vez revisados los documentos se deber\u00e1n enviar en f\u00edsico tal como se describe arriba mediante paqueter\u00eda.<\/span><\/span><\/span><\/span><\/span><\/span><\/p>\t\t\t\t\t\t<\/div>\n\t\t\t\t<\/div>\n\t\t\t\t<div class=\"elementor-element elementor-element-d1f23cb elementor-widget elementor-widget-spacer\" data-id=\"d1f23cb\" data-element_type=\"widget\" data-widget_type=\"spacer.default\">\n\t\t\t\t<div class=\"elementor-widget-container\">\n\t\t\t\t\t<div class=\"elementor-spacer\">\n\t\t\t<div class=\"elementor-spacer-inner\"><\/div>\n\t\t<\/div>\n\t\t\t\t<\/div>\n\t\t\t\t<\/div>\n\t\t\t\t\t<\/div>\n\t\t\t\t<\/div>\n\t\t<div class=\"elementor-element elementor-element-c35f7e0 e-flex e-con-boxed e-con e-parent\" data-id=\"c35f7e0\" data-element_type=\"container\">\n\t\t\t\t\t<div class=\"e-con-inner\">\n\t\t\t\t<div class=\"elementor-element elementor-element-bc0e023 elementor-widget elementor-widget-heading\" data-id=\"bc0e023\" data-element_type=\"widget\" data-widget_type=\"heading.default\">\n\t\t\t\t<div class=\"elementor-widget-container\">\n\t\t\t<h3 class=\"elementor-heading-title elementor-size-default\">Maestr\u00edas<\/h3>\t\t<\/div>\n\t\t\t\t<\/div>\n\t\t\t\t\t<\/div>\n\t\t\t\t<\/div>\n\t\t<div class=\"elementor-element elementor-element-727dae2 e-flex e-con-boxed e-con e-parent\" data-id=\"727dae2\" data-element_type=\"container\">\n\t\t\t\t\t<div class=\"e-con-inner\">\n\t\t<div class=\"elementor-element elementor-element-fdee4d4 e-con-full e-flex e-con e-child\" data-id=\"fdee4d4\" data-element_type=\"container\">\n\t\t\t\t<div class=\"elementor-element elementor-element-d2b8666 elementor-widget elementor-widget-text-editor\" data-id=\"d2b8666\" data-element_type=\"widget\" data-widget_type=\"text-editor.default\">\n\t\t\t\t<div class=\"elementor-widget-container\">\n\t\t\t\t\t\t\t<ul><li><span style=\"vertical-align: inherit;\"><span style=\"vertical-align: inherit;\"><span style=\"vertical-align: inherit;\"><span style=\"vertical-align: inherit;\"><span style=\"vertical-align: inherit;\"><span style=\"vertical-align: inherit;\"><span style=\"vertical-align: inherit;\"><span style=\"vertical-align: inherit;\"><span style=\"vertical-align: inherit;\"><span style=\"vertical-align: inherit;\">Acta de nacimiento actualizada (original y una copia).<\/span><\/span><\/span><\/span><\/span><\/span><\/span><\/span><\/span><\/span><\/li><li><span style=\"vertical-align: inherit;\"><span style=\"vertical-align: inherit;\"><span style=\"vertical-align: inherit;\"><span style=\"vertical-align: inherit;\"><span style=\"vertical-align: inherit;\"><span style=\"vertical-align: inherit;\"><span style=\"vertical-align: inherit;\"><span style=\"vertical-align: inherit;\">CURP con fecha m\u00e1xima de una semana de descarga antes de la entrega de los documentos en PDF, descarga tu curp <a href=\"https:\/\/www.gob.mx\/curp\/\">aqu\u00ed<\/a> (una copia a color y una en blanco y negro).<\/span><\/span><\/span><\/span><\/span><\/span><\/span><\/span><\/li><li><span style=\"vertical-align: inherit;\"><span style=\"vertical-align: inherit;\"><span style=\"vertical-align: inherit;\"><span style=\"vertical-align: inherit;\"><span style=\"vertical-align: inherit;\"><span style=\"vertical-align: inherit;\"><span style=\"vertical-align: inherit;\"><span style=\"vertical-align: inherit;\">Certificado de licenciatura (original y una copia).<\/span><\/span><\/span><\/span><\/span><\/span><\/span><\/span><\/li><li><span style=\"vertical-align: inherit;\"><span style=\"vertical-align: inherit;\">T\u00edtulo (original y una copia).<\/span><\/span><\/li><li><span style=\"vertical-align: inherit;\"><span style=\"vertical-align: inherit;\">C\u00e9dula profesional (original y una copia).<\/span><\/span><\/li><li><span style=\"vertical-align: inherit;\"><span style=\"vertical-align: inherit;\"><span style=\"vertical-align: inherit;\"><span style=\"vertical-align: inherit;\"><span style=\"vertical-align: inherit;\"><span style=\"vertical-align: inherit;\"><span style=\"vertical-align: inherit;\"><span style=\"vertical-align: inherit;\">INE (una copia a color y una en blanco y negro, en la misma cara de la hoja ambos lados de la credencial).<\/span><\/span><\/span><\/span><\/span><\/span><\/span><\/span><\/li><li style=\"font-size: 20px;\"><span style=\"vertical-align: inherit;\">Comprobante de domicilio (una copia no mayor a tres meses de antig\u00fcedad, puede ser recibo de luz o agua).<\/span><\/li><li><span style=\"vertical-align: inherit;\">Fotograf\u00eda digital tama\u00f1o t\u00edtulo, de frente, sin maquillaje con orejas y frente descubiertos.<\/span><\/li><\/ul>\t\t\t\t\t\t<\/div>\n\t\t\t\t<\/div>\n\t\t\t\t<\/div>\n\t\t<div class=\"elementor-element elementor-element-411a728 e-con-full e-flex e-con e-child\" data-id=\"411a728\" data-element_type=\"container\">\n\t\t\t\t<div class=\"elementor-element elementor-element-1fcc4a5 elementor-widget elementor-widget-image\" data-id=\"1fcc4a5\" data-element_type=\"widget\" data-widget_type=\"image.default\">\n\t\t\t\t<div class=\"elementor-widget-container\">\n\t\t\t\t\t\t\t\t\t\t\t\t\t<img decoding=\"async\" width=\"800\" height=\"450\" src=\"https:\/\/unidem.ceavirtual.org\/wp-content\/uploads\/2024\/06\/1ins1-1024x576.png\" class=\"attachment-large size-large wp-image-157\" alt=\"\" srcset=\"https:\/\/unidem.ceavirtual.org\/wp-content\/uploads\/2024\/06\/1ins1-1024x576.png 1024w, https:\/\/unidem.ceavirtual.org\/wp-content\/uploads\/2024\/06\/1ins1-300x169.png 300w, https:\/\/unidem.ceavirtual.org\/wp-content\/uploads\/2024\/06\/1ins1-768x432.png 768w, https:\/\/unidem.ceavirtual.org\/wp-content\/uploads\/2024\/06\/1ins1-1536x864.png 1536w, https:\/\/unidem.ceavirtual.org\/wp-content\/uploads\/2024\/06\/1ins1.png 1920w\" sizes=\"(max-width: 800px) 100vw, 800px\" \/>\t\t\t\t\t\t\t\t\t\t\t\t\t<\/div>\n\t\t\t\t<\/div>\n\t\t\t\t<\/div>\n\t\t\t\t\t<\/div>\n\t\t\t\t<\/div>\n\t\t<div class=\"elementor-element elementor-element-daf5635 e-flex e-con-boxed e-con e-parent\" data-id=\"daf5635\" data-element_type=\"container\">\n\t\t\t\t\t<div class=\"e-con-inner\">\n\t\t\t\t<div class=\"elementor-element elementor-element-362140d elementor-widget elementor-widget-text-editor\" data-id=\"362140d\" data-element_type=\"widget\" data-widget_type=\"text-editor.default\">\n\t\t\t\t<div class=\"elementor-widget-container\">\n\t\t\t\t\t\t\t<p><span style=\"vertical-align: inherit;\">En un primer paso, los documentos deben enviarse en formato PDF tama\u00f1o carta de alta resoluci\u00f3n (un pdf por documento) al correo controlescolarlic@gmail.com para su revisi\u00f3n.<\/span><\/p><p><span style=\"vertical-align: inherit;\">En un segundo paso, una vez revisados los documentos se deber\u00e1n enviar en f\u00edsico tal como se describe arriba mediante paqueter\u00eda.<\/span><\/p>\t\t\t\t\t\t<\/div>\n\t\t\t\t<\/div>\n\t\t\t\t<div class=\"elementor-element elementor-element-e644421 elementor-widget elementor-widget-spacer\" data-id=\"e644421\" data-element_type=\"widget\" data-widget_type=\"spacer.default\">\n\t\t\t\t<div class=\"elementor-widget-container\">\n\t\t\t\t\t<div class=\"elementor-spacer\">\n\t\t\t<div class=\"elementor-spacer-inner\"><\/div>\n\t\t<\/div>\n\t\t\t\t<\/div>\n\t\t\t\t<\/div>\n\t\t\t\t\t<\/div>\n\t\t\t\t<\/div>\n\t\t<div class=\"elementor-element elementor-element-29f2ac3 e-flex e-con-boxed e-con e-parent\" data-id=\"29f2ac3\" data-element_type=\"container\">\n\t\t\t\t\t<div class=\"e-con-inner\">\n\t\t\t\t<div class=\"elementor-element elementor-element-d43ea07 elementor-widget elementor-widget-heading\" data-id=\"d43ea07\" data-element_type=\"widget\" data-widget_type=\"heading.default\">\n\t\t\t\t<div class=\"elementor-widget-container\">\n\t\t\t<h3 class=\"elementor-heading-title elementor-size-default\">Doctorados<\/h3>\t\t<\/div>\n\t\t\t\t<\/div>\n\t\t\t\t\t<\/div>\n\t\t\t\t<\/div>\n\t\t<div class=\"elementor-element elementor-element-e194775 e-flex e-con-boxed e-con e-parent\" data-id=\"e194775\" data-element_type=\"container\">\n\t\t\t\t\t<div class=\"e-con-inner\">\n\t\t<div class=\"elementor-element elementor-element-fc80e84 e-con-full e-flex e-con e-child\" data-id=\"fc80e84\" data-element_type=\"container\">\n\t\t\t\t<div class=\"elementor-element elementor-element-61fbe4f elementor-widget elementor-widget-image\" data-id=\"61fbe4f\" data-element_type=\"widget\" data-widget_type=\"image.default\">\n\t\t\t\t<div class=\"elementor-widget-container\">\n\t\t\t\t\t\t\t\t\t\t\t\t\t<img decoding=\"async\" width=\"800\" height=\"450\" src=\"https:\/\/unidem.ceavirtual.org\/wp-content\/uploads\/2024\/06\/1ins2-1024x576.png\" class=\"attachment-large size-large wp-image-158\" alt=\"\" srcset=\"https:\/\/unidem.ceavirtual.org\/wp-content\/uploads\/2024\/06\/1ins2-1024x576.png 1024w, https:\/\/unidem.ceavirtual.org\/wp-content\/uploads\/2024\/06\/1ins2-300x169.png 300w, https:\/\/unidem.ceavirtual.org\/wp-content\/uploads\/2024\/06\/1ins2-768x432.png 768w, https:\/\/unidem.ceavirtual.org\/wp-content\/uploads\/2024\/06\/1ins2-1536x864.png 1536w, https:\/\/unidem.ceavirtual.org\/wp-content\/uploads\/2024\/06\/1ins2.png 1920w\" sizes=\"(max-width: 800px) 100vw, 800px\" \/>\t\t\t\t\t\t\t\t\t\t\t\t\t<\/div>\n\t\t\t\t<\/div>\n\t\t\t\t<\/div>\n\t\t<div class=\"elementor-element elementor-element-226bb17 e-con-full e-flex e-con e-child\" data-id=\"226bb17\" data-element_type=\"container\">\n\t\t\t\t<div class=\"elementor-element elementor-element-84dad58 elementor-widget elementor-widget-text-editor\" data-id=\"84dad58\" data-element_type=\"widget\" data-widget_type=\"text-editor.default\">\n\t\t\t\t<div class=\"elementor-widget-container\">\n\t\t\t\t\t\t\t<ul><li><span style=\"vertical-align: inherit;\"><span style=\"vertical-align: inherit;\"><span style=\"vertical-align: inherit;\"><span style=\"vertical-align: inherit;\"><span style=\"vertical-align: inherit;\"><span style=\"vertical-align: inherit;\">Acta de nacimiento actualizada (original y una copia).<\/span><\/span><\/span><\/span><\/span><\/span><\/li><li><span style=\"vertical-align: inherit;\"><span style=\"vertical-align: inherit;\"><span style=\"vertical-align: inherit;\"><span style=\"vertical-align: inherit;\">CURP con fecha m\u00e1xima de una semana de descarga antes de la entrega de los documentos en PDF, descarga tu curp <a href=\"https:\/\/www.gob.mx\/curp\/\">aqu\u00ed<\/a> (una copia a color y una en blanco y negro).<\/span><\/span><\/span><\/span><\/li><li><span style=\"vertical-align: inherit;\"><span style=\"vertical-align: inherit;\"><span style=\"vertical-align: inherit;\"><span style=\"vertical-align: inherit;\">Certificado completo de maestr\u00eda (original y una copia).<\/span><\/span><\/span><\/span><\/li><li><span style=\"vertical-align: inherit;\"><span style=\"vertical-align: inherit;\"><span style=\"vertical-align: inherit;\"><span style=\"vertical-align: inherit;\">C\u00e9dula de la maestr\u00eda (original y una copia).<\/span><\/span><\/span><\/span><\/li><li><span style=\"vertical-align: inherit;\"><span style=\"vertical-align: inherit;\"><span style=\"vertical-align: inherit;\"><span style=\"vertical-align: inherit;\">INE (una copia a color y una en blanco y negro, en la misma cara de la hoja ambos lados de la credencial).<\/span><\/span><\/span><\/span><\/li><li style=\"font-size: 20px;\"><span style=\"vertical-align: inherit;\">Comprobante de domicilio (una copia no mayor a tres meses de antig\u00fcedad, puede ser recibo de luz o agua).<\/span><\/li><li><span style=\"vertical-align: inherit;\"><span style=\"vertical-align: inherit;\"><span style=\"vertical-align: inherit;\"><span style=\"vertical-align: inherit;\">Fotograf\u00eda digital tama\u00f1o t\u00edtulo, de frente, sin maquillaje con orejas y frente descubiertos.<\/span><\/span><\/span><\/span><\/li><\/ul>\t\t\t\t\t\t<\/div>\n\t\t\t\t<\/div>\n\t\t\t\t<\/div>\n\t\t\t\t\t<\/div>\n\t\t\t\t<\/div>\n\t\t<div class=\"elementor-element elementor-element-076f1fb e-flex e-con-boxed e-con e-parent\" data-id=\"076f1fb\" data-element_type=\"container\">\n\t\t\t\t\t<div class=\"e-con-inner\">\n\t\t\t\t<div class=\"elementor-element elementor-element-d1867a8 elementor-widget elementor-widget-text-editor\" data-id=\"d1867a8\" data-element_type=\"widget\" data-widget_type=\"text-editor.default\">\n\t\t\t\t<div class=\"elementor-widget-container\">\n\t\t\t\t\t\t\t<p><span style=\"vertical-align: inherit;\">En un primer paso, los documentos deben enviarse en formato PDF tama\u00f1o carta de alta resoluci\u00f3n (un pdf por documento) al correo controlescolarlic@gmail.com para su revisi\u00f3n.<\/span><\/p><p><span style=\"vertical-align: inherit;\">En un segundo paso, una vez revisados los documentos se deber\u00e1n enviar en f\u00edsico tal como se describe arriba mediante paqueter\u00eda.<\/span><\/p>\t\t\t\t\t\t<\/div>\n\t\t\t\t<\/div>\n\t\t\t\t<div class=\"elementor-element elementor-element-5d765d1 elementor-widget elementor-widget-spacer\" data-id=\"5d765d1\" data-element_type=\"widget\" data-widget_type=\"spacer.default\">\n\t\t\t\t<div class=\"elementor-widget-container\">\n\t\t\t\t\t<div class=\"elementor-spacer\">\n\t\t\t<div class=\"elementor-spacer-inner\"><\/div>\n\t\t<\/div>\n\t\t\t\t<\/div>\n\t\t\t\t<\/div>\n\t\t\t\t\t<\/div>\n\t\t\t\t<\/div>\n\t\t\t\t<\/div>\n\t\t","protected":false},"excerpt":{"rendered":"<p>Requisitos para inscripci\u00f3n Licenciaturas Acta de nacimiento actualizada (original y una copia). CURP con fecha m\u00e1xima de una semana de descarga antes de la entrega de los documentos en PDF, descarga tu curp aqu\u00ed (una copia a color y una en blanco y negro). Certificado de preparatoria o bachillerato (original y una copia). INE (una [&hellip;]<\/p>\n","protected":false},"author":1,"featured_media":0,"parent":0,"menu_order":0,"comment_status":"closed","ping_status":"closed","template":"","meta":{"footnotes":""},"class_list":["post-121","page","type-page","status-publish","hentry"],"_links":{"self":[{"href":"https:\/\/unidem.ceavirtual.org\/index.php\/wp-json\/wp\/v2\/pages\/121","targetHints":{"allow":["GET"]}}],"collection":[{"href":"https:\/\/unidem.ceavirtual.org\/index.php\/wp-json\/wp\/v2\/pages"}],"about":[{"href":"https:\/\/unidem.ceavirtual.org\/index.php\/wp-json\/wp\/v2\/types\/page"}],"author":[{"embeddable":true,"href":"https:\/\/unidem.ceavirtual.org\/index.php\/wp-json\/wp\/v2\/users\/1"}],"replies":[{"embeddable":true,"href":"https:\/\/unidem.ceavirtual.org\/index.php\/wp-json\/wp\/v2\/comments?post=121"}],"version-history":[{"count":43,"href":"https:\/\/unidem.ceavirtual.org\/index.php\/wp-json\/wp\/v2\/pages\/121\/revisions"}],"predecessor-version":[{"id":250,"href":"https:\/\/unidem.ceavirtual.org\/index.php\/wp-json\/wp\/v2\/pages\/121\/revisions\/250"}],"wp:attachment":[{"href":"https:\/\/unidem.ceavirtual.org\/index.php\/wp-json\/wp\/v2\/media?parent=121"}],"curies":[{"name":"wp","href":"https:\/\/api.w.org\/{rel}","templated":true}]}}