{"id":34,"date":"2024-06-06T23:11:26","date_gmt":"2024-06-06T23:11:26","guid":{"rendered":"https:\/\/unidem.ceavirtual.org\/?page_id=34"},"modified":"2024-06-13T20:30:40","modified_gmt":"2024-06-13T20:30:40","slug":"terminosycondiciones","status":"publish","type":"page","link":"https:\/\/unidem.ceavirtual.org\/index.php\/terminosycondiciones\/","title":{"rendered":"T\u00e9rminosycondiciones"},"content":{"rendered":"\t\t<div data-elementor-type=\"wp-page\" data-elementor-id=\"34\" class=\"elementor elementor-34\" data-elementor-post-type=\"page\">\n\t\t\t\t<div class=\"elementor-element elementor-element-31eb188 e-flex e-con-boxed e-con e-parent\" data-id=\"31eb188\" data-element_type=\"container\">\n\t\t\t\t\t<div class=\"e-con-inner\">\n\t\t\t\t<div class=\"elementor-element elementor-element-1b03d82 elementor-widget elementor-widget-text-editor\" data-id=\"1b03d82\" data-element_type=\"widget\" data-widget_type=\"text-editor.default\">\n\t\t\t\t<div class=\"elementor-widget-container\">\n\t\t\t<style>\/*! elementor - v3.21.0 - 26-05-2024 *\/\n.elementor-widget-text-editor.elementor-drop-cap-view-stacked .elementor-drop-cap{background-color:#69727d;color:#fff}.elementor-widget-text-editor.elementor-drop-cap-view-framed .elementor-drop-cap{color:#69727d;border:3px solid;background-color:transparent}.elementor-widget-text-editor:not(.elementor-drop-cap-view-default) .elementor-drop-cap{margin-top:8px}.elementor-widget-text-editor:not(.elementor-drop-cap-view-default) .elementor-drop-cap-letter{width:1em;height:1em}.elementor-widget-text-editor .elementor-drop-cap{float:left;text-align:center;line-height:1;font-size:50px}.elementor-widget-text-editor .elementor-drop-cap-letter{display:inline-block}<\/style>\t\t\t\t<div data-id=\"e6518ab\" data-element_type=\"widget\" data-widget_type=\"heading.default\"><div><h2><span style=\"vertical-align: inherit;\"><span style=\"vertical-align: inherit;\">T\u00c9RMINOS Y CONDICIONES<\/span><\/span><\/h2><\/div><\/div><div data-id=\"09309c0\" data-element_type=\"widget\" data-widget_type=\"text-editor.default\"><div><div><p><span style=\"vertical-align: inherit;\"><span style=\"vertical-align: inherit;\">La presente p\u00e1gina describe los t\u00e9rminos y condiciones del sitio web <a href=\"http:\/\/unidem.ceavirtual.org\"><span style=\"vertical-align: inherit;\">unidem.ceavirtual.org<\/span><\/a><span style=\"vertical-align: inherit;\"> , <\/span><a href=\"http:\/\/psicologia.ceavirtual.org\"><span style=\"vertical-align: inherit;\">psicologia.ceavirtual.org<\/span><\/a><span style=\"vertical-align: inherit;\"> , <\/span><a href=\"http:\/\/cp.ceavirtual.org\"><span style=\"vertical-align: inherit;\">cp.ceavirtual.org<\/span><\/a><span style=\"vertical-align: inherit;\"> , <\/span><a href=\"http:\/\/administracion.ceavirtual.org\"><span style=\"vertical-align: inherit;\">administracion.ceavirtual.org<\/span><\/a><span style=\"vertical-align: inherit;\"> , <\/span><a href=\"http:\/\/mais.ceavirtual.org\"><span style=\"vertical-align: inherit;\">mais.ceavirtual.org<\/span><\/a><span style=\"vertical-align: inherit;\"> , <\/span><a href=\"http:\/\/doctoradoeducacion.ceavirtual.org\"><span style=\"vertical-align: inherit;\">doctoradoeducacion.ceavirtual.org<\/span><\/a><\/span><\/span><span style=\"vertical-align: inherit;\"><span style=\"vertical-align: inherit;\">\u00a0(en adelante \u201cSITIO WEB\u201d), del cual es titular Grupo Nahil Xook SC (en adelante \u201cTITULAR\u201d). Al visitar y usar este SITIO WEB, el visitante o usuario (en adelante \u201cUSUARIO\u201d) acepta estos t\u00e9rminos y condiciones en su totalidad. La informaci\u00f3n de estos t\u00e9rminos y condiciones est\u00e1 sujeta a cambios en cualquier momento y se le recomienda al USUARIO visitar esta p\u00e1gina constantemente.<\/span><\/span><\/p><p><span style=\"vertical-align: inherit;\"><span style=\"vertical-align: inherit;\">En est\u00e1 p\u00e1gina se describe un detalle la manera en que el USUARIO acepta usar y comportarse dentro del SITIO WEB y con su respectivo contenido, productos y servicios (en adelante \u201cCONTENIDO\u201d).<\/span><\/span><\/p><\/div><\/div><\/div><div data-id=\"3be297d\" data-element_type=\"widget\" data-widget_type=\"heading.default\"><div><h5>\u00a0<\/h5><h5>\u00a0<\/h5><h5><span style=\"vertical-align: inherit;\"><span style=\"vertical-align: inherit;\">1. MENORES DE EDAD<\/span><\/span><\/h5><\/div><\/div><div data-id=\"f4c273f\" data-element_type=\"widget\" data-widget_type=\"text-editor.default\"><div><div><span style=\"vertical-align: inherit;\"><span style=\"vertical-align: inherit;\">No se permite el acceso al CONTENIDO del SITIO WEB por personas menores de 13 a\u00f1os. Si el USUARIO es menor de 13 a\u00f1os, deber\u00e1 contar con el consentimiento de sus padres o personas mayores encargadas.<\/span><\/span><\/div><\/div><\/div><div data-id=\"04df34d\" data-element_type=\"widget\" data-widget_type=\"heading.default\"><div><h5>\u00a0<\/h5><h5>\u00a0<\/h5><h5><span style=\"vertical-align: inherit;\"><span style=\"vertical-align: inherit;\">2. EST\u00c1N PROHIBIDAS LAS ACTIVIDADES SIGUIENTES<\/span><\/span><\/h5><\/div><\/div><div data-id=\"d47e72d\" data-element_type=\"widget\" data-widget_type=\"text-editor.default\"><div><div><ul><li><span style=\"vertical-align: inherit;\"><span style=\"vertical-align: inherit;\">Intentos de hackeo, inserci\u00f3n de virus o ataques inform\u00e1ticos de cualquier \u00edndole dirigidos al servidor o al SITIO WEB.<\/span><\/span><\/li><li><span style=\"vertical-align: inherit;\"><span style=\"vertical-align: inherit;\">Proporcionar informaci\u00f3n personal falsa o que pertenece a personas diferentes al USUARIO que la env\u00eda<\/span><\/span><\/li><\/ul><\/div><\/div><\/div><div data-id=\"8510582\" data-element_type=\"widget\" data-widget_type=\"heading.default\"><div><h5>\u00a0<\/h5><h5>\u00a0<\/h5><h5><span style=\"vertical-align: inherit;\"><span style=\"vertical-align: inherit;\">3. DERECHOS DE AUTOR Y PROPIEDAD INTELECTUAL<\/span><\/span><\/h5><\/div><\/div><div data-id=\"5dc66e5\" data-element_type=\"widget\" data-widget_type=\"text-editor.default\"><div><div><span style=\"vertical-align: inherit;\"><span style=\"vertical-align: inherit;\">Est\u00e1 totalmente prohibido usar los textos, im\u00e1genes, audios, videos y cualquier otro material multimedia que se encuentre alojado en el SITIO WEB ya que es propiedad del TITULAR y est\u00e1 protegido por las leyes de derechos de autor y propiedad intelectual. Solo se permitir\u00e1 el uso de los materiales multimedia del SITIO WEB, si el USUARIO solicita el uso de dicho material y el TITULAR acepta esa solicitud.<\/span><\/span><\/div><\/div><\/div><div data-id=\"5499453\" data-element_type=\"widget\" data-widget_type=\"heading.default\"><div><h5>\u00a0<\/h5><h5>\u00a0<\/h5><h5><span style=\"vertical-align: inherit;\"><span style=\"vertical-align: inherit;\">4. ACCESO Y DISPONIBILIDAD DEL SITIO WEB<\/span><\/span><\/h5><\/div><\/div><div data-id=\"37f76ad\" data-element_type=\"widget\" data-widget_type=\"text-editor.default\"><div><div><span style=\"vertical-align: inherit;\"><span style=\"vertical-align: inherit;\">Por motivos de fuerza mayor o factores externos, el acceso y disponibilidad del SITIO WEB se puede ver suspendido por cualquier per\u00edodo de tiempo y el TITULAR no se hace responsable de cualquier da\u00f1o o resultado directo o indirecto que esto pueda ocasionar al USUARIO. Si bien, el SITIO WEB estar\u00e1 disponible la mayor parte del tiempo, no se garantiza una disponibilidad del 100% y en cualquier momento, si el TITULAR lo decide, el SITIO WEB puede dejar de funcionar o estar disponible al p\u00fablico.<\/span><\/span><\/div><\/div><\/div><div data-id=\"c59165a\" data-element_type=\"widget\" data-widget_type=\"heading.default\"><div><h5>\u00a0<\/h5><h5>\u00a0<\/h5><h5><span style=\"vertical-align: inherit;\"><span style=\"vertical-align: inherit;\">5. POL\u00cdTICA DE PRIVACIDAD Y COOKIES<\/span><\/span><\/h5><\/div><\/div><div data-id=\"def5f50\" data-element_type=\"widget\" data-widget_type=\"text-editor.default\"><div><div><p><span style=\"vertical-align: inherit;\"><span style=\"vertical-align: inherit;\">El TITULAR est\u00e1 comprometido con las buenas pr\u00e1cticas en la recopilaci\u00f3n, uso y protecci\u00f3n de los datos personales de sus USUARIOS. La pol\u00edtica de privacidad y cookies del SITIO WEB se puede ver en detalle en la siguiente p\u00e1gina\u00a0 <\/span><\/span><a href=\"https:\/\/unidem.ceavirtual.org\/index.php\/politicadeprivacidad\/\"><span style=\"vertical-align: inherit;\"><span style=\"vertical-align: inherit;\">https:\/\/unidem.ceavirtual.org\/index.php\/politicadeprivacidad\/<\/span><\/span><\/a><\/p><\/div><\/div><\/div>\t\t\t\t\t\t<\/div>\n\t\t\t\t<\/div>\n\t\t\t\t\t<\/div>\n\t\t\t\t<\/div>\n\t\t\t\t<\/div>\n\t\t","protected":false},"excerpt":{"rendered":"<p>T\u00c9RMINOS Y CONDICIONES La presente p\u00e1gina describe los t\u00e9rminos y condiciones del sitio web unidem.ceavirtual.org , psicologia.ceavirtual.org , cp.ceavirtual.org , administracion.ceavirtual.org , mais.ceavirtual.org , doctoradoeducacion.ceavirtual.org\u00a0(en adelante \u201cSITIO WEB\u201d), del cual es titular Grupo Nahil Xook SC (en adelante \u201cTITULAR\u201d). Al visitar y usar este SITIO WEB, el visitante o usuario (en adelante \u201cUSUARIO\u201d) acepta estos [&hellip;]<\/p>\n","protected":false},"author":1,"featured_media":0,"parent":0,"menu_order":0,"comment_status":"closed","ping_status":"closed","template":"","meta":{"footnotes":""},"class_list":["post-34","page","type-page","status-publish","hentry"],"_links":{"self":[{"href":"https:\/\/unidem.ceavirtual.org\/index.php\/wp-json\/wp\/v2\/pages\/34","targetHints":{"allow":["GET"]}}],"collection":[{"href":"https:\/\/unidem.ceavirtual.org\/index.php\/wp-json\/wp\/v2\/pages"}],"about":[{"href":"https:\/\/unidem.ceavirtual.org\/index.php\/wp-json\/wp\/v2\/types\/page"}],"author":[{"embeddable":true,"href":"https:\/\/unidem.ceavirtual.org\/index.php\/wp-json\/wp\/v2\/users\/1"}],"replies":[{"embeddable":true,"href":"https:\/\/unidem.ceavirtual.org\/index.php\/wp-json\/wp\/v2\/comments?post=34"}],"version-history":[{"count":13,"href":"https:\/\/unidem.ceavirtual.org\/index.php\/wp-json\/wp\/v2\/pages\/34\/revisions"}],"predecessor-version":[{"id":185,"href":"https:\/\/unidem.ceavirtual.org\/index.php\/wp-json\/wp\/v2\/pages\/34\/revisions\/185"}],"wp:attachment":[{"href":"https:\/\/unidem.ceavirtual.org\/index.php\/wp-json\/wp\/v2\/media?parent=34"}],"curies":[{"name":"wp","href":"https:\/\/api.w.org\/{rel}","templated":true}]}}